 -3*t + 17. Suppose x + 3*h = t + 1, 0 = -2*x + h + 42. What is the tens digit of x?
1
Let o be (-1)/(-1)*(3 - 7). Let u = o - -5. Suppose 2*l - 2*w + u = 29, -20 = -l + 3*w. What is the units digit of l?
1
Let t(n) = n + 3. Let y be t(-3). Suppose 0 = 7*w + w. Suppose y = m - w - 5. What is the units digit of m?
5
Suppose 2*y - 152 = 4*q, -4*y + 0*y + 286 = -2*q. Suppose -3*n = 5*s - n - 176, -2*s - n + y = 0. What is the units digit of s?
6
Suppose 3*g + 12 = 2*g. Let c(l) = l + 17. What is the units digit of c(g)?
5
Let y(l) = -l**2 + 8*l + 11. Let m be y(9). Suppose -m*p + 0*k + k + 63 = 0, 150 = 5*p - k. What is the tens digit of p?
2
Let r be 4/(-6)*(-18)/(-2). Let t = 3 + r. What is the units digit of -1*(t + 6/(-3))?
5
Let u = 23 - 10. What is the tens digit of u?
1
Let j = -17 - -43. What is the units digit of j?
6
Suppose -4*v = 4*u - 13 - 43, u + 16 = 2*v. Let s = v - 7. Suppose s*x - 69 = -21. What is the units digit of x?
6
Let v(w) = -w**3 - w + 5. Let a be v(0). Suppose -23 = -a*i - 8. What is the units digit of i?
3
Let g(j) = 111*j + 2. What is the hundreds digit of g(3)?
3
Let v = 13 + -12. What is the units digit of v?
1
Let c(j) = -j + 6. Let r be c(4). Suppose r*n + n - 48 = 0. What is the tens digit of n?
1
Let n(w) = -10*w + 6. What is the tens digit of n(-6)?
6
Let g be 1/(-1) - 0/(-2). Let u be -12 - (2 + g - 2). Let o = u + 17. What is the units digit of o?
6
What is the units digit of 1*(2 - (-4 - -4))?
2
What is the tens digit of 1*33*(-21)/(-9)?
7
Let n = 9 + -8. What is the units digit of n?
1
Let l = -3 + 6. Let w(h) = h + 1. What is the units digit of w(l)?
4
Suppose -5*p + 13 + 18 = 2*n, n - 4*p - 35 = 0. What is the tens digit of n?
2
Suppose -c = -2*c + 3. Let p = 5 - c. Suppose p*h = -7 + 23. What is the units digit of h?
8
Suppose v + 2*v + 2*r - 124 = 0, 3*v + 4*r = 128. Suppose -3*a = -2*c - 116, 3*a - 56 - v = -3*c. Suppose 0*z - a = -3*z. What is the units digit of z?
2
Let v(b) = b**2 + 7*b - 3. Let l be v(-8). Suppose -3*j - j + 13 = 5*n, -l*j - 25 = -2*n. What is the units digit of n?
5
Let o be -3*(-3)/((-9)/(-15)). Suppose -o - 23 = -2*v. What is the tens digit of v?
1
Let z be 4 + -1 - (-10 + 11). Suppose z*h - 18 = -4. What is the units digit of h?
7
Let t be 2/13 - 596/(-13). Let o = t - 30. What is the tens digit of o?
1
Let s = 11 - -4. What is the units digit of 4 + -1 + s/3?
8
Suppose 4*d = d. Suppose p = 3*m + 9, 3*p - 3 = 3*m - d*p. What is the tens digit of m/(-6)*(-33)/(-2)?
1
Suppose -5*x - 2 = 3. Let b = 2 + x. Suppose -r + 1 + b = 3*i, -2*r = -i - 18. What is the units digit of r?
8
Let f be (-4)/(-3)*(2 - -1). Suppose 4*p = f*r + 44, -r + 35 = 3*p - 6*r. What is the tens digit of p?
1
Suppose 8*g - 31 - 9 = 0. What is the units digit of g?
5
Let o = 40 - 18. Suppose 0 = 2*i - o. What is the tens digit of i?
1
Let g be 0 + 1 - (-1 + 2). Suppose g*v - 3*v = -3. Suppose -3 = -m - v. What is the units digit of m?
2
Suppose -12 = 2*j - 5*j. Suppose 0 = -2*i + 4*i - 4. Let w = j + i. What is the units digit of w?
6
Let c = 7 - 7. Suppose 4*q - 31 + 11 = c. Suppose -2*f - 13 = -p, p = -p - q*f - 1. What is the units digit of p?
7
Let a = 128 + -83. What is the tens digit of a?
4
Let q(k) = k**3 - 2. Let y be q(2). Suppose y*p + 71 = 5*g + 2*p, 2*g - 2 = -5*p. What is the tens digit of g?
1
Let j(i) = -i + 1. Let u be j(-6). Suppose u*c = 4*c + 6. What is the units digit of ((-3)/6)/(c/(-12))?
3
Let h(v) = v**3 + 3*v**2 + v + 1. Let o be h(-3). Let u = 4 + o. Suppose 0 = u*d - 0*d - 22. What is the units digit of d?
1
Let h(r) be the second derivative of -r**4/12 - 5*r**3/3 - r**2/2 - 2*r. Let o be h(-8). Let v = o + -10. What is the units digit of v?
5
Suppose -148 = -h - 3*h. Let m be ((-20)/3)/((-3)/9). Let f = h - m. What is the units digit of f?
7
Let x be 0 + (0 - 4)/4. Let n = 2 + -10. Let c = x - n. What is the units digit of c?
7
Suppose -68 = -4*j + 124. What is the tens digit of j?
4
Let k(b) = b**2 + 2*b - 11. What is the units digit of k(8)?
9
Let z(n) = n + 1. Let i be z(-1). Suppose -4*h + 6*h + 2*l = 28, i = -4*h - 3*l + 52. What is the tens digit of h?
1
Suppose 53 = 5*s - 22. Suppose -i + s = 4*i. What is the units digit of i?
3
Let f = 13 + -7. Suppose 4*b - 94 = v + f, -3*v - 100 = -4*b. What is the tens digit of b?
2
Let j = -339 - -517. What is the tens digit of j?
7
What is the units digit of (-12 - 133)*(-2 + 1)?
5
Suppose s - 3*d = 83, 5*d = -3*s - 0*d + 221. What is the tens digit of s?
7
What is the hundreds digit of (-2)/10 + (1642/(-5))/(-2)?
1
Suppose 2*l - 5 = -1. Suppose l*b - 1 - 7 = 0. Let f = b - -2. What is the units digit of f?
6
Let c(u) = 7*u - 1. Let o be (-1)/(-2) + (-66)/(-12). What is the units digit of c(o)?
1
Let i be (-3)/(-6) + (-19)/2. Let u = 37 - i. What is the tens digit of u?
4
Let v = 6 - 4. What is the units digit of ((-3)/v)/((-2)/4)?
3
Suppose 0 = -v - 2*v - 582. Let q be 9/(-36) + v/(-8). What is the tens digit of 16/q - 80/(-6)?
1
Let f(z) = -3*z**3 - 1. Let h be f(-1). Let p = 65 - 23. Suppose 5*j + 3*i = 7*i + 51, -h*i = -4*j + p. What is the units digit of j?
1
Let i(f) be the third derivative of f**6/120 + 13*f**5/60 + f**4/2 + 7*f**3/3 - 2*f**2. What is the tens digit of i(-12)?
1
Let p(c) = 11*c - 1. Let r be p(-1). Let f = r + 25. What is the tens digit of f?
1
Let s be ((-20)/(-12))/((-3)/(-666)). What is the tens digit of ((-2)/4)/((-5)/s)?
3
Let z(t) = 41*t - 6. What is the tens digit of z(2)?
7
Let i be 0/(-1) - (-3 + 2). Let l be (i - 1)/(4/2). Suppose l = -2*t + 2 + 4. What is the units digit of t?
3
Suppose -4*y = -0*y. Suppose 0 = -y*q - 3*q + 39. What is the tens digit of q?
1
Let v be 2*(0 + -1) - 2. Let h = v - -5. Let k(c) = 9*c - 1. What is the units digit of k(h)?
8
Let v(s) = s + 8. What is the units digit of v(-5)?
3
Let n(d) = d + 7. Let j be n(0). Let i = 8 - j. Let h(y) = 19*y**2 - y. What is the units digit of h(i)?
8
Let h be (-13)/(((-6)/10)/3). Let z = -36 + h. What is the units digit of z?
9
What is the tens digit of 548/12 + (-2)/3?
4
Let r = -2 - 28. Let m = 18 + r. Let k = 4 - m. What is the tens digit of k?
1
Suppose -20 = 4*b, 2*f + 2*b - 304 = -0*b. What is the hundreds digit of f?
1
Let v be 2/12 - (-37)/(-6). Let y be (1*4)/(v/(-3)). Suppose 0 = -4*j + n + 27, 34 = -j + 4*j + y*n. What is the units digit of j?
8
Suppose -c = -b - 2*c + 270, -5*b + 1364 = -2*c. What is the units digit of b?
2
Suppose -2*p + 4*g - g + 10 = 0, g - 15 = -3*p. Let a = 14 - p. What is the units digit of a?
9
Let i = 238 - 59. What is the hundreds digit of i?
1
Let v = 1 - -1. Suppose -w + r + 20 = 0, -5*r = 2*w + v*w - 89. What is the tens digit of w?
2
Let h = -13 + 15. Suppose -5*g + 250 = 5*p, -p = -h*g + g + 42. What is the tens digit of g?
4
Let u(h) = -h**2 - h + 4. Let v(g) = -g**2 + 3. Let i(t) = 3*u(t) - 4*v(t). What is the tens digit of i(-4)?
2
Let g(h) = -h**3 + 3*h + 1. Let f be g(-2). Suppose -3*n = -f*d + 27, 5*n - 5 = 4*n. What is the units digit of d?
4
Let f be (4/4*-1)/(-1). Let a(p) = 8*p**3 + p**2. What is the units digit of a(f)?
9
Suppose 0 = 5*d - 0*d - 200. Let l = d - 28. Suppose -3*a + l = a. What is the units digit of a?
3
Let y(a) = 19*a - 24. What is the units digit of y(5)?
1
Let r(g) = 16*g + 4. Let l be r(-3). What is the tens digit of (-8)/2*209/l?
1
Let q be (0 - 2)*-6 + -2. Let y = q - -7. What is the units digit of y?
7
Let j = -18 + 73. Let d be 130/11 + 10/j. What is the units digit of (d/5)/(10/25)?
6
Suppose 132 = 3*a - 3*z, -z - 56 = -a + 4*z. What is the tens digit of a?
4
Let o(l) = -l + 6. Let k be o(3). Suppose -k*u - 2*u + 5 = 0. Let g = u + 0. What is the units digit of g?
1
Let n be (-4)/22 - (-145)/11. Suppose -3*y - 2*y + m = -n, -5*y - 3*m = -21. What is the units digit of y?
3
Let n = 15 + 35. Suppose d - 4 - 3 = 0. Suppose 2*r - d*r + n = 0. What is the units digit of r?
0
Let z(l) = 3*l + 8. Let i(d) = -2*d - 8. Let h(o) = 4*i(o) + 5*z(o). What is the units digit of h(4)?
6
Let h = 110 + -76. Let v = h - 19. What is the units digit of v?
5
Let y = 11 - 8. Let b = -3 + 12. Suppose g - 10 = -o, y*g = 4*o - b*o + 44. What is the units digit of o?
7
Let i(q) = q**3 + 5*q**2 - 6*q + 4. Let f be i(-6). Suppose 3 = f*x - 1. What is the units digit of (0 - x)*12/(-4)?